divided by j(0)?
2
Let r be ((-6)/(-4))/((-15)/180) - 0. What is the remainder when 2/6 + 3*(-46)/r is divided by 5?
3
Let p(n) = 10*n - 22. Calculate the remainder when (-1005)/90*(-6)/1 is divided by p(4).
13
Let f(p) = 1 + 0*p - 5*p - 4. Let o = -20 + 30. Calculate the remainder when f(-6) is divided by o.
7
Let a be ((-6)/8)/(6/(-16)). Suppose 5*l = 4 - 19, a*d - 219 = l. Calculate the remainder when d is divided by 28.
24
Suppose 0 = 5*l - 4*g + 31 - 243, -l - 2*g = -48. Suppose -l*q + 116 = -40*q. What is the remainder when 86 is divided by q?
28
Suppose 4*v - 22 = -3*y, -3*v - 2*v - 2*y = -31. What is the remainder when 89 is divided by v?
5
Let l = 52 - 21. Calculate the remainder when l is divided by 8.
7
Let l(d) = d**3 + 17*d**2 - 19*d - 13. Let t be l(-18). Suppose 0 = h - 3*k - 64, 163 = t*h + 3*k - 85. What is the remainder when h is divided by 14?
10
Suppose 30 + 42 = 4*f. Suppose 5*y = -5*z + 15, -2*y - z + 11 = 3. Calculate the remainder when f is divided by y.
3
Suppose 28 = -r + 3*r. Calculate the remainder when -4 - (3 - 7) - -39 is divided by r.
11
Suppose -2*j = -47 - 375. Calculate the remainder when j is divided by 12.
7
Let y = 3684 + -2395. What is the remainder when y is divided by 34?
31
Suppose -l = -4*t + 4*l + 105, 3*t + 2*l - 96 = 0. What is the remainder when (-4)/32 + (-574)/(-112) + 1 - -112 is divided by t?
28
Let b = -313 + 341. Calculate the remainder when 470 is divided by b.
22
Suppose -5*g + 61 = -19. What is the remainder when (-2)/(20/(-258)) - 2/(-10) is divided by g?
10
Let w(u) = -u**3 + 5*u**2 + 23*u - 9. What is the remainder when w(7) is divided by 22?
10
Let c = -63 - -65. Suppose -2*m - 56 = -3*s, -4*s + c*m + 68 = -2*m. What is the remainder when s is divided by 5?
2
Suppose -5*i = f - 73, -f - 3*i - 45 = -126. Calculate the remainder when f is divided by (1 - (0 - -9))*-4.
29
Suppose 68*j = 60*j - 488. Let d = -27 - j. Calculate the remainder when d is divided by 19.
15
Let p(c) be the second derivative of -c**4/2 + c**3/2 - c**2 + 3*c. Let d be p(2). Let o = d + 32. Calculate the remainder when o is divided by 7.
5
Let u(c) = -7*c**2 + 24*c + 3. Calculate the remainder when 23 is divided by u(3).
11
Let p(y) = -4*y - 1. Let d(k) be the first derivative of -k**2/2 + 9. Let s(u) = 6*d(u) - p(u). What is the remainder when s(-1) is divided by 3?
0
Suppose -k + 5*p + 0*p = 285, p = k + 297. Calculate the remainder when 1/((-205)/k - 9/15) is divided by 9.
3
Suppose -3*w + 9*w = 24. Let l = 53 + w. Calculate the remainder when l is divided by 20.
17
Let p = -342 - -361. What is the remainder when 605 is divided by p?
16
Let o be (-2)/(-7) - 30/(-42). Let x be o/1*3*3. Suppose 0*q - q + 2*i + x = 0, 5*q + 5*i - 90 = 0. Calculate the remainder when q is divided by 8.
7
Suppose 63 = 5*n - 92. What is the remainder when 212 is divided by n?
26
Suppose -47 = -9*g + 421. What is the remainder when g is divided by 38?
14
Let v be -1 - -5 - 5 - -39. Let d = 13 + -34. Let r = v + d. What is the remainder when 65 is divided by r?
14
Suppose -3*z = z - 8. Suppose -3*f + 7 = -z*w, -3*f = -5*w - f - 1. Let l(q) = 5*q**2 - q + 1. What is the remainder when 12 is divided by l(w)?
2
Let r = 261 - 258. Let d = 75 + -64. Calculate the remainder when d is divided by r.
2
Suppose -8*u - 10 = -10*u, m + u - 67 = 0. What is the remainder when m is divided by 33?
29
What is the remainder when 309 is divided by -1*(8 + (-5)/(-5)*-86)?
75
Suppose 95*d + 528 = 103*d. Calculate the remainder when d is divided by 19.
9
Suppose -n - n + 11 = -b, -5*n - 4*b + 21 = 0. Suppose 210 = i + n*i. What is the remainder when i is divided by 2/((2/(-12))/(-1))?
11
What is the remainder when 1426 is divided by (120/(-50))/12 + (-423)/(-15)?
26
Let o be 58/18 - 10/45. Let w(l) = -2*l**2 - 10 + l**o + 15 + l**2 + l. What is the remainder when w(4) is divided by 15?
12
Suppose 0 = 2*d - 5*r + 3*r - 10, -3*d = -4*r - 17. Suppose -d*f + 400 = 5*f. Calculate the remainder when f is divided by 18.
14
Suppose -60 = 3*p - 315. Suppose 0*t = -5*t + p. Let c = 103 - 70. What is the remainder when c is divided by t?
16
Suppose -149 = -6*t + 253. Calculate the remainder when t is divided by 18.
13
Let l(j) = 4*j**3 - 3*j**2 + 3*j + 5. Let d(x) = -x**2 - x. Let a(u) = d(u) - l(u). What is the remainder when a(-3) is divided by 137/4 - (-1)/(-4)?
31
Let j(c) = 3*c + 17. Calculate the remainder when 32 is divided by j(-4).
2
Let y(z) = -z + 8. Let a be y(6). Suppose x = a*x - 7. Suppose 5*t - 42 = 88. Calculate the remainder when t is divided by x.
5
Suppose -4*m + 123 = -m. Calculate the remainder when 284 is divided by m.
38
Suppose -3*h - j = -4*h + 13, -59 = -3*h - j. Suppose 5*k - k = -388. Let f = -45 - k. What is the remainder when f is divided by h?
16
Suppose 3*v - v - 8 = 0. Suppose i + 132 = 4*b, 0*i = -3*i + 12. Calculate the remainder when b*(-3 + 18/v) is divided by 18.
15
Let d(v) = 4*v**2 - 99*v + 572. What is the remainder when d(6) is divided by 106?
16
Suppose -2*p + 5*r + 99 = 0, -4*p - 10*r + 12*r + 190 = 0. What is the remainder when p is divided by 24?
23
Let a(i) = i**3 + 4*i**2 + 4*i + 2. Let z be a(-3). Calculate the remainder when 33 is divided by z/(-8) - 39/(-8).
3
Let h(i) = 4*i**2 - 8*i + 15. What is the remainder when h(2) is divided by 6?
3
Let w(a) = -3*a**3 + 20*a**2 - 11*a + 73. Let c(g) = -g**3 + 7*g**2 - 4*g + 24. Let m(f) = -17*c(f) + 6*w(f). What is the remainder when m(0) is divided by 11?
8
Let y be 4/(21/14 + 1/2). Calculate the remainder when (192/(-9))/(y/(-3)) is divided by 46/4 - (-1)/(-2).
10
Let k(c) = -7*c**3 - 3*c**2 - 3*c - 1. Let x = -6058 - -6084. What is the remainder when k(-2) is divided by x?
23
What is the remainder when ((-3)/6)/((-2)/20) is divided by (4/(-1))/(4/(-5))?
0
Suppose -24 = -0*a - a. Let h = 50 - a. Suppose 3*p - 79 = -c, 3 = -2*p + 5*p. What is the remainder when c is divided by h?
24
Let i(u) be the second derivative of -3*u**5/10 + u**4/6 - u**3/6 - u**2 + 7*u. What is the remainder when (-3)/6 + 37/2 is divided by i(-1)?
4
Let k = 909 + -900. What is the remainder when 476 is divided by k?
8
Suppose 32 = 5*j - j. Suppose 4*c = 2*h + 106, c - 2*h = j + 23. Suppose 9*t - 95 = -14. What is the remainder when c is divided by t?
7
Suppose 0 = w + 3*f - 73, 2*f + 149 = 3*w - 3*f. Calculate the remainder when w is divided by 37.
21
Let j(p) = -p**3 - 11*p**2 + p + 14. Let l be j(-11). Suppose -1 = 4*g - l*g, 5*q - 4*g = 34. Let h = 8 - -13. What is the remainder when h is divided by q?
3
Let a(z) = 7*z**2 - 10. Suppose -8*o - 16 = 8. What is the remainder when a(o) is divided by 14?
11
Let r(d) = d**3 + 8*d**2 - d - 5. Calculate the remainder when 129/6 - (-4)/(-8) is divided by r(-8).
0
Suppose -2*o - o + 51 = 0. Suppose -12 + o = j. What is the remainder when 19 is divided by j?
4
Suppose -68 = -3*l - 5*w, -7*l + 2*l = -3*w - 136. Suppose 3*c = c, c + 198 = 2*z. Calculate the remainder when z is divided by l.
21
Suppose -4*f - 52 = 4*b, b + 17 = -0*b - 2*f. Let r(z) = -3*z - 18. Calculate the remainder when r(b) is divided by 2.
1
Let v = 1487 + -904. What is the remainder when v is divided by 65?
63
Let v(j) = j**2 - 11*j + 6. Let u be v(11). Suppose u*p = 19 + 11. Calculate the remainder when 17 is divided by p.
2
Let s = 45 - 12. What is the remainder when s is divided by 5?
3
Let l = 32 + -31. Calculate the remainder when 0 - (0 - 108/2) is divided by l/(1/16) - -3.
16
Suppose -4*k - 2 = 2*a - 4, -3*k = 2*a - 5. Let t = -13 - -45. What is the remainder when t is divided by a?
4
Let i(x) = 2*x - 16. Let c be i(7). Calculate the remainder when 0 - c/((-2)/(-35)) is divided by 19.
16
Suppose 5*d - 24 - 76 = 0. Suppose -p + 3 - 1 = 0. Suppose 11 = 3*o + p*w - 4, 0 = -2*o + 4*w + 26. What is the remainder when d is divided by o?
6
Let t = 1887 + -1849. Suppose f - x = 1 + 12, x - 7 = -f. Calculate the remainder when t is divided by f.
8
Let q = 27 + -3. Suppose -p = -s - 10 - q, 5*s = -p + 16. Let v = p + -16. What is the remainder when 27 is divided by v?
12
Suppose 4*q - s - 37 = 0, 19 = 5*q + s - 34. Suppose 5*y - 28 = -g, -2*g = 27*y - 26*y - 74. Calculate the remainder when g is divided by q.
8
Suppose 4*t - 1351 = -135. Suppose 4*y - 3*r + 55 = t, -61 = -y + 2*r. What is